0647674373 composite?
True
Is 300239591 composite?
False
Is 18092698297 prime?
True
Is 1478963177 prime?
True
Is 20663921839 a composite number?
True
Is 288243097 prime?
False
Is 953484331 prime?
False
Is 2409974527 a prime number?
False
Is 225339050771 composite?
False
Is 42417944267 prime?
False
Is 4471134799 prime?
False
Is 1095001163 composite?
False
Is 15486924287 a prime number?
False
Is 25877687109 a composite number?
True
Is 477193127 a prime number?
True
Is 65012909531 a prime number?
False
Is 2266876331 composite?
False
Is 2086231361 a prime number?
True
Is 1140150233 a prime number?
False
Is 230929939 composite?
False
Is 6116315089 prime?
False
Is 53914736383 a prime number?
True
Is 45866231101 a prime number?
False
Is 65830883 a composite number?
False
Is 7123611949 a prime number?
False
Is 528342433 prime?
True
Is 7210190571 prime?
False
Is 2648922869 a composite number?
False
Is 11993075467 a composite number?
False
Is 26324807749 prime?
True
Is 1981814501 composite?
False
Is 1178650483 composite?
True
Is 5101970267 prime?
True
Is 829065077 a composite number?
False
Is 169011041 a prime number?
True
Is 2689599994 a composite number?
True
Is 99012949391 a prime number?
False
Is 45271346033 a prime number?
False
Is 8036510621 prime?
False
Is 6185668003 composite?
False
Is 72077969297 a composite number?
True
Is 11687379437 a composite number?
False
Is 2180558879 a prime number?
False
Is 11847919579 composite?
True
Is 71980053793 a prime number?
True
Is 54841001953 a composite number?
False
Is 22327650313 composite?
True
Is 1912943561 a prime number?
False
Is 297588821 composite?
False
Is 3119989517 composite?
True
Is 2119358953 prime?
True
Is 16827907913 a composite number?
True
Is 1239030563 a prime number?
True
Is 583514411 prime?
True
Is 727933163 composite?
False
Is 4921021491 a prime number?
False
Is 221300705135 a composite number?
True
Is 9947980761 prime?
False
Is 4987337 composite?
True
Is 17222448667 a composite number?
False
Is 32151323489 a prime number?
False
Is 3436277399 prime?
False
Is 4740076193 composite?
True
Is 126604007443 composite?
True
Is 8134544519 prime?
True
Is 2155142123 a prime number?
False
Is 8291303123 prime?
False
Is 7407652649 prime?
True
Is 69029923337 composite?
False
Is 906193297 a prime number?
True
Is 2042843807 a composite number?
False
Is 46487379973 a prime number?
True
Is 89999001865 composite?
True
Is 19315464251 a composite number?
False
Is 363039437 a composite number?
True
Is 9593243069 a composite number?
True
Is 28046570311 composite?
False
Is 32662411 composite?
True
Is 29984972777 composite?
False
Is 612599413 a composite number?
False
Is 2893911227 prime?
False
Is 5510179081 a composite number?
True
Is 3848376359 composite?
False
Is 495173531833 composite?
True
Is 2031782903 a composite number?
False
Is 777829457 composite?
False
Is 10390709309 a prime number?
False
Is 13244615131 a prime number?
False
Is 625905587 a composite number?
False
Is 1540027927 composite?
False
Is 1069962041 composite?
True
Is 498646673 prime?
False
Is 6474352837 composite?
False
Is 5610672337 composite?
False
Is 362085233 a prime number?
True
Is 99584056931 a composite number?
False
Is 1281700991 composite?
True
Is 51598772161 a prime number?
True
Is 2011860789 a prime number?
False
Is 1174856387 a prime number?
False
Is 1664499229 composite?
True
Is 27506206061 composite?
False
Is 3282304919 a composite number?
True
Is 2512141813 prime?
True
Is 26737476671 prime?
True
Is 147107431 a prime number?
False
Is 1196024251 prime?
False
Is 940455367 prime?
False
Is 761487599 prime?
True
Is 8179501453 a composite number?
False
Is 3250944667 prime?
True
Is 210338801 a prime number?
True
Is 6119146351 a prime number?
False
Is 4143563579 prime?
False
Is 16601881441 composite?
True
Is 5514841349 prime?
True
Is 3301437851 composite?
False
Is 32219003 a composite number?
True
Is 27523250933 a composite number?
False
Is 421081981 prime?
False
Is 26498770391 a composite number?
True
Is 12758429813 a prime number?
True
Is 4001193523 composite?
False
Is 3713813219 prime?
True
Is 69470165 prime?
False
Is 179797777 composite?
False
Is 80148883933 prime?
False
Is 647055613 a prime number?
False
Is 174656368591 a prime number?
True
Is 1014817847 a prime number?
True
Is 93307027729 a composite number?
True
Is 2111675651 a prime number?
True
Is 7172976163 a composite number?
False
Is 3133446254 a composite number?
True
Is 3958462759 a composite number?
False
Is 21570378317 a composite number?
False
Is 53792508019 a composite number?
True
Is 3151673471 a composite number?
False
Is 218331643 a composite number?
False
Is 21961805357 a prime number?
False
Is 142195663 prime?
True
Is 20460722449 prime?
False
Is 435192833 composite?
True
Is 34379029 composite?
False
Is 1416260687 a composite number?
False
Is 36287514979 a composite number?
False
Is 87526094321 composite?
False
Is 1749383357 composite?
False
Is 62010368603 a composite number?
True
Is 1244672677 a prime number?
True
Is 1295958913 composite?
False
Is 9031188037 composite?
True
Is 669497599 a composite number?
False
Is 64728619 composite?
False
Is 1713694817 prime?
False
Is 1509015167 prime?
False
Is 5086171 composite?
True
Is 40098199639 a prime number?
True
Is 945775639 a prime number?
False
Is 583562401 a composite number?
False
Is 510897437 prime?
False
Is 5703018089 a composite number?
False
Is 9411655777 composite?
False
Is 39334441969 a prime number?
True
Is 69635879 a prime number?
False
Is 113873664389 prime?
True
Is 3110520149 a composite number?
True
Is 194508701 prime?
False
Is 241130639 a prime number?
False
Is 403499191 composite?
False
Is 143283629 prime?
False
Is 990846419 composite?
False
Is 69386743 a composite number?
False
Is 39656263 composite?
True
Is 7582187161 composite?
True
Is 15260431523 a composite number?
False
Is 1226196683 a composite number?
True
Is 12481990583 a prime number?
True
Is 129852238229 composite?
True
Is 54376665247 a prime number?
True
Is 1465059389 a prime number?
True
Is 8292556423 composite?
True
Is 803857651 prime?
False
Is 20291554757 prime?
False
Is 597156991595 prime?
False
Is 425676907 a prime number?
True
Is 316172221 a prime number?
True
Is 586818324059 a prime number?
False
Is 85708371713 a prime number?
True
Is 4172354479 a composite number?
True
Is 1999906717 a composite number?
True
Is 2871198377 composite?
True
Is 4592701471 a composite number?
False
Is 3431969923 composite?
False
Is 85545453863 prime?
True
Is 1513940737 a composite number?
True
Is 1072565101 a composite number?
False
Is 28179581 composite?
False
Is 80092157 composite?
False
Is 1035197081 a composite number?
False
Is 46397887 a composite number?
True
Is 4166566401 a composite number?
True
Is 605372777 a composite number?
False
Is 6103239299 a prime number?
False
Is 361464043 prime?
True
Is 184189289083 a prime number?
False
Is 2081603933 a prime number?
True
Is 8069301391 composite?
True
Is 15558596297 a composite number?
True
Is 2716682873 prime?
True
Is 107447070287 a composite number?
False
Is 223677788897 a composite number?
True
Is 714507571 prime?
True
Is 1099726541 prime?
False
Is 2002857677 a prime number?
True
Is 21793719919 composite?
False
Is 31367645989 prime?
False
Is 142646257621 a composite number?
True
Is 83662282439 composite?
True
Is 22844177 a composite number?
True
Is 17015333345 a composite number?
True
Is 951401291 composite?
False
Is 10479048233 a composite number?
True
Is 4496218511 prime?
True
Is 13644716467 a composite number?
True
Is 20060028491 a composite number?
False
Is 9062499626 a composite number?
True
Is 131792021 prime?
True
Is 2017365551 prime?
False
Is 72542242219 composite?
False
Is 48935595199 a composite number?
False
Is 490806793 a composite number?
True
Is 51313552483 a prime number?
False
Is 128908849 a composite number?
False
Is 1248197147 a prime number?
False
Is 28428919301 prime?
False
Is 1158053009 prime?
False
Is 1682911357 prime?
False
Is 1963132741 a composite number?
False
Is 499498529 composite?
True
Is 5079371837 prime?
False
Is 32312856677 a prime number?
False
Is 18813018443 a prime number?
True
Is 910903281 composite?
True
Is 2767628317 a prime number?
True
Is 2185151701 prime?
True